{"id":19,"date":"2023-09-15T10:26:40","date_gmt":"2023-09-15T10:26:40","guid":{"rendered":"http:\/\/pedrojoseortegalopez.com\/?page_id=19"},"modified":"2024-01-18T18:27:43","modified_gmt":"2024-01-18T18:27:43","slug":"acerca-de","status":"publish","type":"page","link":"https:\/\/pedrojoseortegalopez.com\/index.php\/acerca-de\/","title":{"rendered":"MIS TRABAJOS"},"content":{"rendered":"\n<h2 class=\"wp-block-heading has-text-align-center has-large-font-size\" id=\"inspiro-is-a-digital-product-agency-that-focuses-on-strategy-and-design\" style=\"font-style:normal;font-weight:100\">Llevo desde 2017 a tope con el pintado de figuras y miniaturas, y no parece que esto vaya a parar&#8230;<\/h2>\n\n\n\n<div style=\"height:100px\" aria-hidden=\"true\" class=\"wp-block-spacer\"><\/div>\n\n\n\n<div class=\"wp-block-columns alignwide is-layout-flex wp-container-core-columns-is-layout-9d6595d7 wp-block-columns-is-layout-flex\">\n<div class=\"wp-block-column is-layout-flow wp-block-column-is-layout-flow\">\n<figure class=\"wp-block-image size-large\"><a href=\"https:\/\/pedrojoseortegalopez.com\/index.php\/figuras-de-impresion-en-resina\/\"><img loading=\"lazy\" decoding=\"async\" width=\"1024\" height=\"1024\" src=\"http:\/\/pedrojoseortegalopez.com\/wp-content\/uploads\/2023\/12\/BLACK_CAT-ASH04-1024x1024.jpg\" alt=\"\" class=\"wp-image-400\" srcset=\"https:\/\/pedrojoseortegalopez.com\/wp-content\/uploads\/2023\/12\/BLACK_CAT-ASH04-1024x1024.jpg 1024w, https:\/\/pedrojoseortegalopez.com\/wp-content\/uploads\/2023\/12\/BLACK_CAT-ASH04-300x300.jpg 300w, https:\/\/pedrojoseortegalopez.com\/wp-content\/uploads\/2023\/12\/BLACK_CAT-ASH04-150x150.jpg 150w, https:\/\/pedrojoseortegalopez.com\/wp-content\/uploads\/2023\/12\/BLACK_CAT-ASH04-768x768.jpg 768w, https:\/\/pedrojoseortegalopez.com\/wp-content\/uploads\/2023\/12\/BLACK_CAT-ASH04.jpg 1280w\" sizes=\"auto, (max-width: 1024px) 100vw, 1024px\" \/><\/a><\/figure>\n\n\n\n<p class=\"has-black-color has-text-color has-medium-font-size\"><a href=\"https:\/\/pedrojoseortegalopez.com\/index.php\/figuras-de-impresion-en-resina\/\">Resin 3d printed models<\/a><\/p>\n\n\n\n<p class=\"has-text-color\" style=\"color:#7a7a7a\">Con la llegada y la accesibilidad dom\u00e9stica de la impresi\u00f3n 3D en resina me adentr\u00e9 en el fascinante mundo de las miniaturas y figuras de mediana y gran escala, donde la precisi\u00f3n se encuentra con la imaginaci\u00f3n. A base de batacazos descubr\u00ed c\u00f3mo la versatilidad de la resina se convierte en un lienzo para la creatividad, permiti\u00e9ndome dar vida a figuras con una calidad y detalle extraordinarios..<\/p>\n<\/div>\n\n\n\n<div class=\"wp-block-column is-layout-flow wp-block-column-is-layout-flow\">\n<figure class=\"wp-block-image size-large\"><a href=\"https:\/\/pedrojoseortegalopez.com\/index.php\/warhammer-40-000\/\"><img loading=\"lazy\" decoding=\"async\" width=\"1024\" height=\"1024\" src=\"http:\/\/pedrojoseortegalopez.com\/wp-content\/uploads\/2023\/12\/IMG_1501-1024x1024.jpg\" alt=\"\" class=\"wp-image-312\" srcset=\"https:\/\/pedrojoseortegalopez.com\/wp-content\/uploads\/2023\/12\/IMG_1501-1024x1024.jpg 1024w, https:\/\/pedrojoseortegalopez.com\/wp-content\/uploads\/2023\/12\/IMG_1501-300x300.jpg 300w, https:\/\/pedrojoseortegalopez.com\/wp-content\/uploads\/2023\/12\/IMG_1501-150x150.jpg 150w, https:\/\/pedrojoseortegalopez.com\/wp-content\/uploads\/2023\/12\/IMG_1501-768x768.jpg 768w, https:\/\/pedrojoseortegalopez.com\/wp-content\/uploads\/2023\/12\/IMG_1501.jpg 1280w\" sizes=\"auto, (max-width: 1024px) 100vw, 1024px\" \/><\/a><\/figure>\n\n\n\n<p class=\"has-black-color has-text-color has-medium-font-size\"><a href=\"https:\/\/pedrojoseortegalopez.com\/index.php\/warhammer-40-000\/\">Warhammer 40.000<\/a><\/p>\n\n\n\n<p class=\"has-text-color\" style=\"color:#7a7a7a\">Despu\u00e9s de varias entradas y salidas viajando trav\u00e9s de los vastos y oscuros dominios del universo de Warhammer 40.000 parece que esta ve me he quedado atrapado para siempre en este espacio de disformidad que es la pintura de miniaturas de esta \u00e9pica saga. Desde los majestuosos Marines Espaciales hasta las criaturas m\u00e1s repugnantes, mi pasi\u00f3n por Warhammer 40.000 hace que cada pincelada convierta para m\u00ed estas miniaturas en piezas a las que tengo un inmenso apego con las que librar batallas legendarias. <\/p>\n<\/div>\n\n\n\n<div class=\"wp-block-column is-layout-flow wp-block-column-is-layout-flow\">\n<figure class=\"wp-block-image size-large\"><a href=\"https:\/\/pedrojoseortegalopez.com\/index.php\/blood-bowl\/\"><img loading=\"lazy\" decoding=\"async\" width=\"1024\" height=\"1024\" src=\"http:\/\/pedrojoseortegalopez.com\/wp-content\/uploads\/2023\/12\/SCYLE_ASH-06-1024x1024.jpg\" alt=\"\" class=\"wp-image-219\" srcset=\"https:\/\/pedrojoseortegalopez.com\/wp-content\/uploads\/2023\/12\/SCYLE_ASH-06-1024x1024.jpg 1024w, https:\/\/pedrojoseortegalopez.com\/wp-content\/uploads\/2023\/12\/SCYLE_ASH-06-300x300.jpg 300w, https:\/\/pedrojoseortegalopez.com\/wp-content\/uploads\/2023\/12\/SCYLE_ASH-06-150x150.jpg 150w, https:\/\/pedrojoseortegalopez.com\/wp-content\/uploads\/2023\/12\/SCYLE_ASH-06-768x768.jpg 768w, https:\/\/pedrojoseortegalopez.com\/wp-content\/uploads\/2023\/12\/SCYLE_ASH-06.jpg 1280w\" sizes=\"auto, (max-width: 1024px) 100vw, 1024px\" \/><\/a><\/figure>\n\n\n\n<p class=\"has-black-color has-text-color has-medium-font-size\"><a href=\"https:\/\/pedrojoseortegalopez.com\/index.php\/blood-bowl\/\">Blood Bowl<\/a><\/p>\n\n\n\n<p class=\"has-text-color\" style=\"color:#7a7a7a\">Muy de la mano del Warhammer viene el Blood Bowl, bebiendo del mismo universo fant\u00e1stico, con pr\u00e1cticamente los mismos tipos de razas y personajes. Personalmente no me he adentrado m\u00e1s all\u00e1 de pintar un par de figuras muy llamativas para un muy buen amigo, pero no descarto acabar picando en este anzuelo tambi\u00e9n.<\/p>\n<\/div>\n<\/div>\n\n\n\n<p><\/p>\n\n\n\n<p><\/p>\n\n\n\n<div class=\"wp-block-columns alignwide is-layout-flex wp-container-core-columns-is-layout-9d6595d7 wp-block-columns-is-layout-flex\">\n<div class=\"wp-block-column is-layout-flow wp-block-column-is-layout-flow\">\n<figure class=\"wp-block-image size-large is-resized\"><a href=\"https:\/\/pedrojoseortegalopez.com\/index.php\/juegos-de-tablero\/\"><img loading=\"lazy\" decoding=\"async\" width=\"1024\" height=\"682\" src=\"http:\/\/pedrojoseortegalopez.com\/wp-content\/uploads\/2023\/12\/IMG-20190411-WA0014-1024x682.jpg\" alt=\"\" class=\"wp-image-195\" style=\"width:285px;height:auto\" srcset=\"https:\/\/pedrojoseortegalopez.com\/wp-content\/uploads\/2023\/12\/IMG-20190411-WA0014-1024x682.jpg 1024w, https:\/\/pedrojoseortegalopez.com\/wp-content\/uploads\/2023\/12\/IMG-20190411-WA0014-300x200.jpg 300w, https:\/\/pedrojoseortegalopez.com\/wp-content\/uploads\/2023\/12\/IMG-20190411-WA0014-768x512.jpg 768w, https:\/\/pedrojoseortegalopez.com\/wp-content\/uploads\/2023\/12\/IMG-20190411-WA0014.jpg 1280w\" sizes=\"auto, (max-width: 1024px) 100vw, 1024px\" \/><\/a><\/figure>\n\n\n\n<p class=\"has-black-color has-text-color has-medium-font-size\"><a href=\"https:\/\/pedrojoseortegalopez.com\/index.php\/juegos-de-tablero\/\">Juegos de tablero<\/a><\/p>\n\n\n\n<p class=\"has-text-color\" style=\"color:#7a7a7a\">Desde bien peque\u00f1o me fascinaron los juegos de tablero y si ya ten\u00edan figuras de pl\u00e1stico ni os cuento, qu\u00e9 recuerdos del Hero Quest, El Imperio Cobra, Risk, etc&#8230;Con el boom de los juegos de mesa que ha venido sucediendo a lo largo de estos \u00faltimos a\u00f1os, se ha ido mejorando e incrementando la industria de la producci\u00f3n de figuras de pl\u00e1stico para estos juegos, llegando hoy d\u00eda a tener una calidad y detalle extremos, lo cual hace las delicias de cualquier aficionado a la pintura de figuras como yo, as\u00ed que, como no, tengo una buena colecci\u00f3n de juegos mir\u00e1ndome de soslayo desde un rinc\u00f3n de mi cuarto de hobbies esperando a que me digne a p\u00ecntar sus miniaturas, alg\u00fan d\u00eda, alg\u00fan d\u00eda..<\/p>\n<\/div>\n\n\n\n<div class=\"wp-block-column is-layout-flow wp-block-column-is-layout-flow\">\n<figure class=\"wp-block-image size-full\"><a href=\"https:\/\/pedrojoseortegalopez.com\/index.php\/maquetas-2\/?preview_id=451&amp;preview_nonce=67ce7b318b&amp;preview=true&amp;_thumbnail_id=452\"><img loading=\"lazy\" decoding=\"async\" width=\"1920\" height=\"1280\" src=\"http:\/\/pedrojoseortegalopez.com\/wp-content\/uploads\/2023\/12\/MG_5917.jpg\" alt=\"\" class=\"wp-image-147\" srcset=\"https:\/\/pedrojoseortegalopez.com\/wp-content\/uploads\/2023\/12\/MG_5917.jpg 1920w, https:\/\/pedrojoseortegalopez.com\/wp-content\/uploads\/2023\/12\/MG_5917-300x200.jpg 300w, https:\/\/pedrojoseortegalopez.com\/wp-content\/uploads\/2023\/12\/MG_5917-1024x683.jpg 1024w, https:\/\/pedrojoseortegalopez.com\/wp-content\/uploads\/2023\/12\/MG_5917-768x512.jpg 768w, https:\/\/pedrojoseortegalopez.com\/wp-content\/uploads\/2023\/12\/MG_5917-1536x1024.jpg 1536w\" sizes=\"auto, (max-width: 1920px) 100vw, 1920px\" \/><\/a><\/figure>\n\n\n\n<p class=\"has-black-color has-text-color has-medium-font-size\"><a href=\"https:\/\/pedrojoseortegalopez.com\/index.php\/maquetas-2\/?preview_id=451&amp;preview_nonce=67ce7b318b&amp;preview=true&amp;_thumbnail_id=452\">Maquetas<\/a><\/p>\n\n\n\n<p class=\"has-text-color\" style=\"color:#7a7a7a\">Lo que m\u00e1s he venido haciendo toda mi vida ha sido el montaje y pintado de maquetas, desde modelismo militar, hasta Star Wars (cuyos dise\u00f1os me siguen pareciendo insuperables a d\u00eda de hoy). En este campo es donde m\u00e1s me he permitido explorar y jugar con t\u00e9cnicas mixtas de acr\u00edlicos y \u00f3leos y diferentes productos y t\u00e9cnicas para conseguir unos acabados lo m\u00e1s pr\u00f3ximos posible a la realidad. <\/p>\n<\/div>\n\n\n\n<div class=\"wp-block-column is-layout-flow wp-block-column-is-layout-flow\">\n<figure class=\"wp-block-image size-full\"><a href=\"https:\/\/pedrojoseortegalopez.com\/index.php\/dioramas\/?preview_id=466&amp;preview_nonce=610207eafb&amp;preview=true&amp;_thumbnail_id=197\"><img loading=\"lazy\" decoding=\"async\" width=\"800\" height=\"533\" src=\"http:\/\/pedrojoseortegalopez.com\/wp-content\/uploads\/2023\/12\/IMG_3010.jpg\" alt=\"\" class=\"wp-image-211\" srcset=\"https:\/\/pedrojoseortegalopez.com\/wp-content\/uploads\/2023\/12\/IMG_3010.jpg 800w, https:\/\/pedrojoseortegalopez.com\/wp-content\/uploads\/2023\/12\/IMG_3010-300x200.jpg 300w, https:\/\/pedrojoseortegalopez.com\/wp-content\/uploads\/2023\/12\/IMG_3010-768x512.jpg 768w\" sizes=\"auto, (max-width: 800px) 100vw, 800px\" \/><\/a><\/figure>\n\n\n\n<p class=\"has-black-color has-text-color has-medium-font-size\"><a href=\"https:\/\/pedrojoseortegalopez.com\/index.php\/dioramas\/?preview_id=466&amp;preview_nonce=610207eafb&amp;preview=true&amp;_thumbnail_id=197\">Dioramas<\/a><\/p>\n\n\n\n<p class=\"has-text-color\" style=\"color:#7a7a7a\">Derivado del campo de las maquetas tarde o temprano acabas en el mundo de los dioramas Cuando una maqueta queda acabada y la ves ah\u00ed, sobre un pedestal, sola, en seguida te vienen a la cabeza mil formas de rodear esa maqueta del ambiente que necesita o del que se inspira y de ah\u00ed acaban saliendo los dioramas. Lo mismo que me pasaba al ver las maquetas solas en sus peanas me acab\u00f3 sucediendo con las figuras de Hot Toys. Tienes un personaje de pel\u00edcula recreado con una precisi\u00f3n bestial y necesitas ponerlo en contexto con su entorno adecuado y es entonces cuando el c\u00edrculo se completa y puedes disfrutar de un fragmento de esa pel\u00edcula que te fascina directa y f\u00edsicamente en tu vitrina. .<\/p>\n<\/div>\n<\/div>\n\n\n\n<p><\/p>\n\n\n\n<h3 class=\"wp-block-heading has-large-font-size\" id=\"inspiro-is-a-digital-product-agency-that-focuses-on-strategy-and-desig\" style=\"font-weight:300\">Showreel<\/h3>\n\n\n\n<figure class=\"wp-block-embed alignwide is-type-video is-provider-youtube wp-block-embed-youtube wp-embed-aspect-16-9 wp-has-aspect-ratio\"><div class=\"wp-block-embed__wrapper\">\n<iframe loading=\"lazy\" title=\"MACFARLANE ESPACE MARINE - IMPERIAL FIST\" width=\"950\" height=\"534\" src=\"https:\/\/www.youtube.com\/embed\/cA_oInFSEL0?feature=oembed\" frameborder=\"0\" allow=\"accelerometer; autoplay; clipboard-write; encrypted-media; gyroscope; picture-in-picture; web-share\" allowfullscreen><\/iframe>\n<\/div><\/figure>\n\n\n\n<div style=\"height:100px\" aria-hidden=\"true\" class=\"wp-block-spacer\"><\/div>\n","protected":false},"excerpt":{"rendered":"<p>Llevo desde 2017 a tope con el pintado de figuras y miniaturas, y no parece que esto vaya a parar&#8230; Resin 3d printed models Con la llegada y la accesibilidad dom\u00e9stica de la impresi\u00f3n 3D en resina me adentr\u00e9 en el fascinante mundo de las miniaturas y figuras de mediana y gran escala, donde la &hellip; <\/p>\n<p class=\"link-more\"><a href=\"https:\/\/pedrojoseortegalopez.com\/index.php\/acerca-de\/\" class=\"more-link\">Read more<span class=\"screen-reader-text\"> &#8220;MIS TRABAJOS&#8221;<\/span><\/a><\/p>\n","protected":false},"author":1,"featured_media":336,"parent":0,"menu_order":0,"comment_status":"closed","ping_status":"closed","template":"","meta":{"footnotes":""},"class_list":["post-19","page","type-page","status-publish","has-post-thumbnail","hentry"],"_links":{"self":[{"href":"https:\/\/pedrojoseortegalopez.com\/index.php\/wp-json\/wp\/v2\/pages\/19","targetHints":{"allow":["GET"]}}],"collection":[{"href":"https:\/\/pedrojoseortegalopez.com\/index.php\/wp-json\/wp\/v2\/pages"}],"about":[{"href":"https:\/\/pedrojoseortegalopez.com\/index.php\/wp-json\/wp\/v2\/types\/page"}],"author":[{"embeddable":true,"href":"https:\/\/pedrojoseortegalopez.com\/index.php\/wp-json\/wp\/v2\/users\/1"}],"replies":[{"embeddable":true,"href":"https:\/\/pedrojoseortegalopez.com\/index.php\/wp-json\/wp\/v2\/comments?post=19"}],"version-history":[{"count":19,"href":"https:\/\/pedrojoseortegalopez.com\/index.php\/wp-json\/wp\/v2\/pages\/19\/revisions"}],"predecessor-version":[{"id":734,"href":"https:\/\/pedrojoseortegalopez.com\/index.php\/wp-json\/wp\/v2\/pages\/19\/revisions\/734"}],"wp:featuredmedia":[{"embeddable":true,"href":"https:\/\/pedrojoseortegalopez.com\/index.php\/wp-json\/wp\/v2\/media\/336"}],"wp:attachment":[{"href":"https:\/\/pedrojoseortegalopez.com\/index.php\/wp-json\/wp\/v2\/media?parent=19"}],"curies":[{"name":"wp","href":"https:\/\/api.w.org\/{rel}","templated":true}]}}