{"id":34,"date":"2023-09-15T10:29:49","date_gmt":"2023-09-15T10:29:49","guid":{"rendered":"http:\/\/pedrojoseortegalopez.com\/?page_id=34"},"modified":"2024-01-18T18:08:24","modified_gmt":"2024-01-18T18:08:24","slug":"mis-trabajos","status":"publish","type":"page","link":"https:\/\/pedrojoseortegalopez.com\/index.php\/mis-trabajos\/","title":{"rendered":"SOBRE MI"},"content":{"rendered":"\n<p class=\"has-text-align-left\"><em>Desde bien peque\u00f1o me enamor\u00f3 el trabajo manual, tanto la parte de modelado con mis<\/em> <em>primeras plastilinas, hasta la parte de pintura que, a d\u00eda de hoy, es la que m\u00e1s me gusta y a la<\/em> <em>que principalmente dedico mi tiempo.<\/em><\/p>\n\n\n\n<p class=\"has-text-align-left\"><em>Mucho ha llovido desde aquellas primeras pinturas en esmalte de la marca Humbrol , recuerdo<\/em> <em>aquellos acabados grumosos, brillantes y poco agraciados acabados que daba a mis primeras<\/em> <em>incursiones en el modelismo, sobre todo, militar. Personalmente s\u00f3lo las utilizo para pintar<\/em> <em>armaduras de Boba Fett, s\u00ed, s\u00ed, armaduras de Boba Fett jajajajajajajaja.<\/em><\/p>\n\n\n\n<figure class=\"wp-block-image alignwide size-full\"><img loading=\"lazy\" decoding=\"async\" width=\"683\" height=\"1024\" src=\"http:\/\/pedrojoseortegalopez.com\/wp-content\/uploads\/2023\/12\/1617612_10204866719248194_8545685819264841798_o.jpg\" alt=\"\" class=\"wp-image-378\" srcset=\"https:\/\/pedrojoseortegalopez.com\/wp-content\/uploads\/2023\/12\/1617612_10204866719248194_8545685819264841798_o.jpg 683w, https:\/\/pedrojoseortegalopez.com\/wp-content\/uploads\/2023\/12\/1617612_10204866719248194_8545685819264841798_o-200x300.jpg 200w\" sizes=\"auto, (max-width: 683px) 100vw, 683px\" \/><\/figure>\n\n\n\n<p class=\"has-text-align-left\"><em>Supongo que a muchos os habr\u00e1 pasado aquello de entrar y salir del hobby por etapas, etapas<\/em> <em>de frustraci\u00f3n en muchos casos por tener que aprender por las malas, arruinando modelos por<\/em> <em>falta de habilidad y conocimiento e incluso la impaciencia por querer llegar a ver el modelo tal<\/em> <em>y como lo tienes imaginado y sin embargo quedarnos muy muy lejos de aquella imagen de nuestra cabeza.<\/em><\/p>\n\n\n\n<p><em>Si bien hay que tener algo de talento para esto de la pintura de miniaturas, modelismo y<\/em> <em>figuras en general, m\u00e1s importantes son a\u00fan la paciencia y la perseverancia.<\/em><\/p>\n\n\n\n<p><em>Si una cosa soy es testarudo y mi avance en el campo de la pintura se debe m\u00e1s a una cuesti\u00f3n<\/em> <em>de tes\u00f3n y repetici\u00f3n que al propio talento en s\u00ed que pueda tener. Obviamente algo de talento<\/em> <em>hay -la falsa modestia nunca me ha gustado- pero soy firme defensor de la idea de que con<\/em> <em>trabajo se puede llegar a unos niveles m\u00e1s que dignos en el campo de la pintura, ya que hay<\/em> <em>muchos \u201ctrucos\u201d, \u201ctrampas\u201d, \u201ct\u00e9cnicas\u201d como se quieran llamar, que facilitan mucho este<\/em> <em>camino.<\/em><\/p>\n\n\n\n<p><em>Con la llegada de internet y las nuevas tecnolog\u00edas de impresi\u00f3n, tutoriales, revistas, etc\u2026 todo<\/em> <em>este arduo pero emocionante camino se allana para las nuevas generaciones de pintores que<\/em> <em>deciden asomarse a este mundillo.<\/em><\/p>\n\n\n\n<p><em>Yo personalmente me he subido al carro de la impresi\u00f3n 3d en resina. Mis primeras<\/em> <em>aproximaciones fueron ya a lo grande, imprimi\u00e9ndome modelos a escala 1\/6 de mis villanos y<\/em> <em>superh\u00e9roes favoritos de cine y c\u00f3mic.<\/em> <\/p>\n\n\n\n<p><em>De aquellas primeras humbrol poco queda ahora, salvo las mismas humbrol muy mejoradas<\/em> <em>pero poco utilizadas, excepto por nost\u00e1lgicos o simplemente amantes de la marca. Ahora<\/em> <em>irrumpen con fuerza marcas (Vallejo, AK, Citadel, etc\u2026) con propuestas cada vez m\u00e1s t\u00e9cnicas,<\/em> <em>profesionales y sobre todo enfocadas a los diferentes campos de la pintura (modelismo militar,<\/em> <em>pintura de fantas\u00eda, \u00f3leos para modelismo y figuras, pigmentos en polvo, productos para FX<\/em> <em>como congelaciones, nieve, barro, grasa, \u00f3xidos, desconchones, craquelados) un inmenso<\/em> <em>abanico de opciones para facilitarnos la vida (a la par que vaciarnos la cartera, cosa que<\/em> <em>hacemos encantados por otra parte) y mejorar nuestro trabajos.<\/em><\/p>\n\n\n\n<p><em>Habiendo trabajado durante a\u00f1os en diferentes empresas del sector de la decoraci\u00f3n<\/em> <em>tematizada, eventos festivos, maquetas, museos, etc\u2026 finalmente me he decantado por la<\/em> <em>pintura de figuras y maquetas, si algo me ha ense\u00f1ado el carro de a\u00f1os que llevo encima es<\/em> <em>aquello que NO quiero y cada vez tengo m\u00e1s claro lo que S\u00cd quiero, que es pintar, pintar, pintar<\/em> <em>y pintar.<\/em><\/p>\n\n\n\n<figure class=\"wp-block-image alignwide size-large\"><img loading=\"lazy\" decoding=\"async\" width=\"1024\" height=\"1024\" src=\"http:\/\/pedrojoseortegalopez.com\/wp-content\/uploads\/2023\/12\/BRIGANDS_ASH_07-1024x1024.jpg\" alt=\"\" class=\"wp-image-346\" srcset=\"https:\/\/pedrojoseortegalopez.com\/wp-content\/uploads\/2023\/12\/BRIGANDS_ASH_07-1024x1024.jpg 1024w, https:\/\/pedrojoseortegalopez.com\/wp-content\/uploads\/2023\/12\/BRIGANDS_ASH_07-300x300.jpg 300w, https:\/\/pedrojoseortegalopez.com\/wp-content\/uploads\/2023\/12\/BRIGANDS_ASH_07-150x150.jpg 150w, https:\/\/pedrojoseortegalopez.com\/wp-content\/uploads\/2023\/12\/BRIGANDS_ASH_07-768x768.jpg 768w, https:\/\/pedrojoseortegalopez.com\/wp-content\/uploads\/2023\/12\/BRIGANDS_ASH_07-1536x1536.jpg 1536w, https:\/\/pedrojoseortegalopez.com\/wp-content\/uploads\/2023\/12\/BRIGANDS_ASH_07-2048x2048.jpg 2048w, https:\/\/pedrojoseortegalopez.com\/wp-content\/uploads\/2023\/12\/BRIGANDS_ASH_07-2000x2000.jpg 2000w\" sizes=\"auto, (max-width: 1024px) 100vw, 1024px\" \/><\/figure>\n\n\n\n<p><em>Los principales culpables de mi regreso al aer\u00f3grafo y los pinceles han sido en un primer lugar<\/em> <em>los juegos de mesa con figuras cada vez mejores , la impresi\u00f3n 3d de figuras de resina a escala<\/em> <em>1\/6 y Warhammer 40K. De este \u00faltimo he salido y entrado por m\u00faltiples motivos, econ\u00f3micos,<\/em> <em>de espacio o simplemente de estar en otros momentos de la vida y no reparar en este tipo de<\/em> <em>juegos. Ahora he vuelto a coger los pinceles y vuelvo a estar enganchado y esta vez parece que<\/em> <em>va para largo, llevo desde 2017 a tope con el tema de pintura de figuras y miniaturas y no<\/em> <em>parece que esto vaya a parar.<\/em><\/p>\n\n\n\n<p><em>En estos momentos me encuentro en un momento muy dulce para m\u00ed, ya que si bien me<\/em> <em>queda mucho por aprender, empiezo a acercarme a esas ideas que tengo en mi cabeza cuando<\/em> <em>miro y planifico un modelo a pintar y los resultados cada vez son m\u00e1s controlados.<\/em><\/p>\n\n\n\n<p><em>Esta p\u00e1gina s\u00f3lo pretende ser un escaparate de mis trabajos y aficiones para compartirla con<\/em> <em>tod@s aquell@s que no tengan otra cosa que hacer que curiosear en mi trabajo, pues s\u00f3lo os<\/em> <em>digo una cosa\u2026 \u00a1\u00a1\u00a1dejad de mirar y pintad condenados, pintaaaaad!!!.<\/em><\/p>\n","protected":false},"excerpt":{"rendered":"<p>Desde bien peque\u00f1o me enamor\u00f3 el trabajo manual, tanto la parte de modelado con mis primeras plastilinas, hasta la parte de pintura que, a d\u00eda de hoy, es la que m\u00e1s me gusta y a la que principalmente dedico mi tiempo. Mucho ha llovido desde aquellas primeras pinturas en esmalte de la marca Humbrol , &hellip; <\/p>\n<p class=\"link-more\"><a href=\"https:\/\/pedrojoseortegalopez.com\/index.php\/mis-trabajos\/\" class=\"more-link\">Read more<span class=\"screen-reader-text\"> &#8220;SOBRE MI&#8221;<\/span><\/a><\/p>\n","protected":false},"author":1,"featured_media":0,"parent":0,"menu_order":0,"comment_status":"closed","ping_status":"closed","template":"","meta":{"footnotes":""},"class_list":["post-34","page","type-page","status-publish","hentry"],"_links":{"self":[{"href":"https:\/\/pedrojoseortegalopez.com\/index.php\/wp-json\/wp\/v2\/pages\/34","targetHints":{"allow":["GET"]}}],"collection":[{"href":"https:\/\/pedrojoseortegalopez.com\/index.php\/wp-json\/wp\/v2\/pages"}],"about":[{"href":"https:\/\/pedrojoseortegalopez.com\/index.php\/wp-json\/wp\/v2\/types\/page"}],"author":[{"embeddable":true,"href":"https:\/\/pedrojoseortegalopez.com\/index.php\/wp-json\/wp\/v2\/users\/1"}],"replies":[{"embeddable":true,"href":"https:\/\/pedrojoseortegalopez.com\/index.php\/wp-json\/wp\/v2\/comments?post=34"}],"version-history":[{"count":7,"href":"https:\/\/pedrojoseortegalopez.com\/index.php\/wp-json\/wp\/v2\/pages\/34\/revisions"}],"predecessor-version":[{"id":732,"href":"https:\/\/pedrojoseortegalopez.com\/index.php\/wp-json\/wp\/v2\/pages\/34\/revisions\/732"}],"wp:attachment":[{"href":"https:\/\/pedrojoseortegalopez.com\/index.php\/wp-json\/wp\/v2\/media?parent=34"}],"curies":[{"name":"wp","href":"https:\/\/api.w.org\/{rel}","templated":true}]}}